{"id":336,"date":"2021-11-18T08:13:27","date_gmt":"2021-11-18T08:13:27","guid":{"rendered":"http:\/\/www.rantsilanriistamiehet.fi\/hiekkalaatikko\/?page_id=336"},"modified":"2021-11-18T08:24:15","modified_gmt":"2021-11-18T08:24:15","slug":"vierasluvat","status":"publish","type":"page","link":"http:\/\/www.rantsilanriistamiehet.fi\/hiekkalaatikko\/vierasluvat\/","title":{"rendered":"Vierasluvat"},"content":{"rendered":"\n<h1 class=\"wp-block-heading\">Vierasluvat<\/h1>\n\n\n\n<div class=\"wp-block-image\"><figure class=\"alignright\"><a href=\"http:\/\/www.rantsilanriistamiehet.fi\/wp-content\/uploads\/2014\/10\/20141122_100711_raj_800.jpg\"><img decoding=\"async\" src=\"http:\/\/www.rantsilanriistamiehet.fi\/wp-content\/uploads\/2014\/10\/20141122_100711_raj_800-225x300.jpg\" alt=\"20141122_100711_raj_800\" class=\"wp-image-152\"\/><\/a><\/figure><\/div>\n\n\n\n<p>Vieraslupa oikeuttaa pyyntiin seuran j\u00e4senen seurassa. Vuorokausi, viikoloppu ja kausilupa oikeuttaa pienriistan ja pienpeto pyynnin.<\/p>\n\n\n\n<p>Hinnat 2021:<\/p>\n\n\n\n<ul class=\"wp-block-list\"><li>vuorokausi 25\u20ac<\/li><li>viikonloppulupa(pe-su) 60\u20ac<\/li><li>kausilupa 100\u20ac.<\/li><\/ul>\n\n\n\n<p>Vierasluparajoitukset 2021:<\/p>\n\n\n\n<ul class=\"wp-block-list\"><li>Kauriita ei saa mets\u00e4st\u00e4\u00e4 vierasluvilla<\/li><li>Mets\u00e4kanalintuja ei saa mets\u00e4st\u00e4\u00e4 vierasluvilla.<\/li><\/ul>\n\n\n\n<p>Sorsat ja rusakot sek\u00e4 pienpedot kuuluvat vieraslupiin.<\/p>\n\n\n\n<p>Lupien myynti:<br>Kylm\u00e4nen Food, Hannan Herkkupuoti sek\u00e4 Juha Niemel\u00e4 myyv\u00e4t seuran mets\u00e4stys lupia.<\/p>\n\n\n\n<p>Kokokauden vieraslupa haetaan johtokunnalta erikseen ja my\u00f6nnetty lupa voimassa vuoden. Seuraavana vuonna kokokauden lupaa on haettava uudestaan.<\/p>\n\n\n\n<p>Huomioi ett\u00e4 seuran asettamat pyyntikiinti\u00f6t ovat henkil\u00f6kohtaisia. Vieraslupa oikeuttaa pyyntiin seuran j\u00e4senen seurassa. Vuorokausi, viikoloppu ja kausilupa oikeuttaa pienriistan ja pienpeto pyyntiin.<\/p>\n","protected":false},"excerpt":{"rendered":"<p>Vierasluvat Vieraslupa oikeuttaa pyyntiin seuran j\u00e4senen seurassa. Vuorokausi, viikoloppu ja kausilupa oikeuttaa pienriistan ja pienpeto pyynnin. Hinnat 2021: vuorokausi 25\u20ac viikonloppulupa(pe-su) 60\u20ac kausilupa 100\u20ac. Vierasluparajoitukset 2021: Kauriita ei saa mets\u00e4st\u00e4\u00e4 vierasluvilla Mets\u00e4kanalintuja ei saa mets\u00e4st\u00e4\u00e4 vierasluvilla. Sorsat ja rusakot sek\u00e4 pienpedot kuuluvat vieraslupiin. Lupien myynti:Kylm\u00e4nen Food, Hannan Herkkupuoti sek\u00e4 Juha [&hellip;]<\/p>\n","protected":false},"author":1,"featured_media":0,"parent":0,"menu_order":0,"comment_status":"closed","ping_status":"closed","template":"","meta":{"footnotes":""},"class_list":["post-336","page","type-page","status-publish","hentry"],"_links":{"self":[{"href":"http:\/\/www.rantsilanriistamiehet.fi\/hiekkalaatikko\/wp-json\/wp\/v2\/pages\/336","targetHints":{"allow":["GET"]}}],"collection":[{"href":"http:\/\/www.rantsilanriistamiehet.fi\/hiekkalaatikko\/wp-json\/wp\/v2\/pages"}],"about":[{"href":"http:\/\/www.rantsilanriistamiehet.fi\/hiekkalaatikko\/wp-json\/wp\/v2\/types\/page"}],"author":[{"embeddable":true,"href":"http:\/\/www.rantsilanriistamiehet.fi\/hiekkalaatikko\/wp-json\/wp\/v2\/users\/1"}],"replies":[{"embeddable":true,"href":"http:\/\/www.rantsilanriistamiehet.fi\/hiekkalaatikko\/wp-json\/wp\/v2\/comments?post=336"}],"version-history":[{"count":2,"href":"http:\/\/www.rantsilanriistamiehet.fi\/hiekkalaatikko\/wp-json\/wp\/v2\/pages\/336\/revisions"}],"predecessor-version":[{"id":353,"href":"http:\/\/www.rantsilanriistamiehet.fi\/hiekkalaatikko\/wp-json\/wp\/v2\/pages\/336\/revisions\/353"}],"wp:attachment":[{"href":"http:\/\/www.rantsilanriistamiehet.fi\/hiekkalaatikko\/wp-json\/wp\/v2\/media?parent=336"}],"curies":[{"name":"wp","href":"https:\/\/api.w.org\/{rel}","templated":true}]}}