{"id":299,"date":"2021-11-16T13:24:17","date_gmt":"2021-11-16T13:24:17","guid":{"rendered":"http:\/\/www.rantsilanriistamiehet.fi\/hiekkalaatikko\/?page_id=299"},"modified":"2021-11-18T07:56:40","modified_gmt":"2021-11-18T07:56:40","slug":"srva","status":"publish","type":"page","link":"http:\/\/www.rantsilanriistamiehet.fi\/hiekkalaatikko\/srva\/","title":{"rendered":"SRVA"},"content":{"rendered":"\n<p>SRVA-yhteyshenkil\u00f6t:<br>Juha Kaurala 045 1102327<br>Paavo Junno 0400 292 175<br>Juha Niemel\u00e4 044 276 1016<br>Eero V\u00e4h\u00e4 050 3759123<\/p>\n\n\n\n<p>SRVA-toimintaan on sitoutunut ja kouluttautunut my\u00f6s 5 muuta henkil\u00f6\u00e4 joilla my\u00f6s koirat k\u00e4ytett\u00e4viss\u00e4.<\/p>\n","protected":false},"excerpt":{"rendered":"<p>SRVA-yhteyshenkil\u00f6t:Juha Kaurala 045 1102327Paavo Junno 0400 292 175Juha Niemel\u00e4 044 276 1016Eero V\u00e4h\u00e4 050 3759123 SRVA-toimintaan on sitoutunut ja kouluttautunut my\u00f6s 5 muuta henkil\u00f6\u00e4 joilla my\u00f6s koirat k\u00e4ytett\u00e4viss\u00e4.<\/p>\n","protected":false},"author":1,"featured_media":0,"parent":0,"menu_order":0,"comment_status":"closed","ping_status":"closed","template":"","meta":{"footnotes":""},"class_list":["post-299","page","type-page","status-publish","hentry"],"_links":{"self":[{"href":"http:\/\/www.rantsilanriistamiehet.fi\/hiekkalaatikko\/wp-json\/wp\/v2\/pages\/299","targetHints":{"allow":["GET"]}}],"collection":[{"href":"http:\/\/www.rantsilanriistamiehet.fi\/hiekkalaatikko\/wp-json\/wp\/v2\/pages"}],"about":[{"href":"http:\/\/www.rantsilanriistamiehet.fi\/hiekkalaatikko\/wp-json\/wp\/v2\/types\/page"}],"author":[{"embeddable":true,"href":"http:\/\/www.rantsilanriistamiehet.fi\/hiekkalaatikko\/wp-json\/wp\/v2\/users\/1"}],"replies":[{"embeddable":true,"href":"http:\/\/www.rantsilanriistamiehet.fi\/hiekkalaatikko\/wp-json\/wp\/v2\/comments?post=299"}],"version-history":[{"count":2,"href":"http:\/\/www.rantsilanriistamiehet.fi\/hiekkalaatikko\/wp-json\/wp\/v2\/pages\/299\/revisions"}],"predecessor-version":[{"id":316,"href":"http:\/\/www.rantsilanriistamiehet.fi\/hiekkalaatikko\/wp-json\/wp\/v2\/pages\/299\/revisions\/316"}],"wp:attachment":[{"href":"http:\/\/www.rantsilanriistamiehet.fi\/hiekkalaatikko\/wp-json\/wp\/v2\/media?parent=299"}],"curies":[{"name":"wp","href":"https:\/\/api.w.org\/{rel}","templated":true}]}}